-2)/11. Let j(c) = -11*c + 21. Give j(l).
-45
Let b(a) = -5*a**2 + 326 - a**3 + 333 - 984 - 5*a + 324 + 12*a. Let l(p) = -p**3 - 8*p**2 - 7*p + 2. Let j be l(-7). Suppose j*v - 5*v = 18. Determine b(v).
-7
Suppose -y + 3*n + 4 = -1, 12 = 4*y - 4*n. Suppose 4*m - y*b - 226 = 0, 0 = -5*b + 2*b - 3. Let w(r) = -m + 60 - 4*r + 11*r + r**2. Calculate w(-6).
-2
Let p(m) = m**3 + 4*m**2 - 4*m - 1. Suppose -5*g + 61 + 74 = 0. Suppose -12 = -3*f - g. Give p(f).
-6
Let g(x) = 420*x - 25 + 24 - 438*x. Give g(-2).
35
Suppose 5*b + 254 = 3*b. Let a be 12/4 + 1/(1/b). Let o = a - -120. Let v(n) = -n - 4. Give v(o).
0
Let a(w) = w**3 + 6*w**2 - 4*w - 7. Let l = 11110 + -11117. Determine a(l).
-28
Let b(h) = -56*h**2 - 18*h + 9*h - 51*h**2 + 108*h**2 - 16. Determine b(16).
96
Let a(q) = 5*q**2 - 9*q + 8. Let l be -12 - -7 - (-5 + (5 - 6)). Give a(l).
4
Let p(x) = 7*x**2 + 1. Let f(k) = -6*k**2 - k - 1. Let u = -31 + 26. Let c(w) = u*p(w) - 6*f(w). Let g(z) = 14*z - 20. Let r be g(1). Determine c(r).
1
Let o(y) = 2*y + 81. Let h be o(-45). Let k(x) = 2*x + 25. Give k(h).
7
Suppose -s = -27*s + 52. Let j(d) = 0*d**2 - d - 9*d**2 + 6*d**2 - 13 + s*d**2. Calculate j(0).
-13
Let q(w) = w - 48. Let a(k) = -k + 35. Let b(t) = 7*a(t) + 6*q(t). Give b(-40).
-3
Let i = 86 - -55. Let j = i + -148. Let t(m) = -m**3 - 7*m**2 + 2*m - 7. What is t(j)?
-21
Let i(q) be the second derivative of -1 + 10*q - 1/2*q**3 - 7/2*q**2. Calculate i(-7).
14
Suppose 5*s - 10*s - 17*s = 0. Suppose 13*n + 10*n + 207 = s. Let o(t) = -t - 2. What is o(n)?
7
Let i = 198554 - 198548. Let y(g) = -g + 3*g + 0*g + 3. What is y(i)?
15
Suppose -77*o - 68 = -81*o. Let x = 41 - o. Let u be x/(-156) + 160/26. Let t(r) = r - 11. Determine t(u).
-5
Let c(z) be the first derivative of -z**5/20 - z**4/12 + z**3/6 + z**2 + 80*z - 18. Let y(d) be the first derivative of c(d). Calculate y(2).
-8
Let n(x) = x - 8. Let v(l) = 3*l**2 + 60*l + 116. Let i be v(-18). Give n(i).
0
Suppose -72 = 2*y - 76, 0 = -4*b + 3*y - 2. Let n(r) = -3*r**3 - 15*r - 102*r**2 + 99*r**2 + 18*r. Give n(b).
-3
Suppose -3*c = 2*g, 4*g - 4*c = -1 + 21. Let w(z) = 9*z - g*z - 23*z. What is w(1)?
-17
Let u(s) = s - 4. Suppose 3*j - 11*j = -40. Suppose j*a + 10 = -4*f + 39, 0 = f - 4*a - 2. Determine u(f).
2
Suppose -4*m + 451 = 7*m. Let y(c) = 40*c + 7 - 6 - m*c. What is y(-1)?
2
Let f(h) = h**2 - 6*h + 5. Suppose -37 + 2 = 5*w. Let o be -11*(-5 - -4) - (-2 - w). Give f(o).
5
Let f be -6 + 310/((-35)/7). Let j be (f/119)/((-2)/14*-2). Let b(h) = -h**3 - 3*h**2 - 4*h - 3. What is b(j)?
1
Let v(b) = -8389*b - 8387*b + 14 + 16822*b - b**2. Give v(46).
14
Let c(i) = -202 + 386 - 225 + 8*i. What is c(5)?
-1
Let l(x) = -5*x - 2 - 318*x**2 + x**3 + 4 + 324*x**2. Let d be (161/(-115))/(((-12)/3)/(-20)). What is l(d)?
-12
Let p = -14227 - -14230. Let u(g) be the first derivative of -p*g**2 + 29 + 1/3*g**3 - 2*g. Give u(3).
-11
Let w(x) = x**3 + 3*x**2 + 3*x - 1. Let l(d) = -53*d - 26. Let i be l(-1). Suppose 8*q = -i + 3. Calculate w(q).
-10
Let f = -1354 + 1345. Let y(u) = 2*u**2 + 13*u - 1. Give y(f).
44
Let r(t) = 6*t - 10. Let u = 44 - 49. Let g(x) = 7*x - 12. Let w(b) = u*g(b) + 6*r(b). Suppose -16 = -5*a - 4*p, 0 = -4*a + 8*a - 4*p + 16. Calculate w(a).
0
Let g(r) = -r**2 + 11*r - 6. Suppose -16*s + 12*s = -168. Let k = 50 - s. What is g(k)?
18
Suppose -3*t - 17*i = -18*i - 3, 5*i - 25 = -5*t. Let o be 2/4*(11 - 1). Let j(r) = -5*r - r**3 + 4*r**t + 4*r + o - 2*r + r. What is j(4)?
-3
Let i(a) = -3*a - 3. Let k(l) = 39*l - 151. Let o be k(4). Suppose -p + 4*q = -14, -2*p = -o*q - 14 - 2. What is i(p)?
3
Let v = -28 - -33. Suppose 0 = -v*q - 3*o + 370, 2*q + 3*o - 299 = -2*q. Let b = -74 + q. Let t(n) = -5*n - 2. What is t(b)?
13
Let y(n) = n**2 + 10*n + 2. Let k be 7 - 3 - (5 + 3). Let z(r) = r**2 + 11*r + 1. Let q(x) = k*y(x) + 3*z(x). Let g = -35 + 28. Give q(g).
-5
Let j(z) = -z**2 + 135*z + 559. Let b be j(-4). Let g(x) = 8*x - 31. Calculate g(b).
-7
Suppose 3*w = -f + w + 12, -2*f + 5*w - 21 = 0. Let k(q) be the first derivative of 3 + 0*q**f + 2*q**2 + 102*q - 103*q. Calculate k(2).
7
Let d(z) = 5*z**3 + 4*z**2 - 7*z + 3. Suppose 0 = -2*n + 3*p - 5*p + 8, 0 = -2*p. Let b(a) = -a**3 - a**2 + 2*a + 1. Let v(o) = n*b(o) + d(o). What is v(0)?
7
Suppose -200 = -3*j - 143. Suppose j = -22*i + 261. Let x(h) = h**3 - 11*h**2. Calculate x(i).
0
Let i(j) = -3*j - 2. Let n(a) = -27*a - 46. Let y be n(11). Let k be y/42 + 8 + 70/(-12). Give i(k).
16
Let g(v) = -47*v**2 - v - 55*v**2 + 1 + 150*v**2 - 8*v - 47*v**2. Determine g(9).
1
Let k be 2*(777/84 - (-2 + 11)). Let u(x) be the second derivative of 0 + 1/6*x**3 - x + k*x**2. What is u(-1)?
0
Let t(k) = -2*k**2 - 2*k - 1. Let w be t(-2). Suppose a = 4 + 1, -10 = -5*x + 3*a. Let q(o) = o - x - 9 + 17. What is q(w)?
-2
Let c(h) = 11*h**2 + 5*h + 1. Let y(b) = 5*b**2 + 2*b. Let q(x) = 4*c(x) - 9*y(x). Let o(m) = -m**3 - 36*m**2 - 311*m + 147. Let i be o(-16). Calculate q(i).
1
Suppose 273*z + 523 = -108 + 85. Let g(k) = -k**3 - 4*k**3 - 4*k**2 + 2*k**3 + k**3. Let b(o) = -o**3 - 2*o**2. Let n(l) = 5*b(l) - 2*g(l). What is n(z)?
0
Let g = 40 - 49. Let n(z) = z + 9. Let x be n(g). Suppose x = -5*p + 19 + 1. Let l(y) = -y**3 + 3*y**2 + 4*y - 3. Give l(p).
-3
Let q(r) = 33*r - 28. Let v(n) = 8*n + 1. Let g(b) = 2*q(b) - 9*v(b). What is g(-9)?
-11
Let n be 3 + (0 - -1) + (25 - 29). Suppose 3*r - 4*r = -2. Suppose -a = y - 2*a - 6, y + r*a = n. Let g(t) = t**2 - 3*t - 2. Give g(y).
2
Let v be 179/15 + (-2)/(-30). Let b(j) be the third derivative of j**5/60 - 13*j**4/24 + 11*j**3/6 - 5*j**2 - 7. What is b(v)?
-1
Let a(o) be the first derivative of o**4/4 - o**3/3 + o**2 - 145*o - 4974. Determine a(0).
-145
Let a(y) be the first derivative of -y**4/4 - 2*y**3/3 - 2*y**2 - 24*y - 8361. Give a(-3).
-3
Let q(h) = h**3 - 4*h**2 - 6*h + 6. Suppose -60 = -5*y - 7*y. Determine q(y).
1
Suppose -3*z = -m - 17 - 2, -3*z = -15. Let f(r) = -2995 + 5*r + 3000 + 4*r**2 - 2*r**2. Calculate f(m).
17
Let h(s) = s**3 - 12*s**2 + 8*s - 8. Let y be (-6)/9 + (-1120)/(-96). Calculate h(y).
-41
Let z(f) be the second derivative of -f**5/20 - f**4/12 + f**3/3 + 2*f**2 + f. Let d be (1 + (-12)/30)/(552/(-60) - -9). What is z(d)?
16
Suppose 0 = -5*a + 5, -2*o + 71 = -6*o - a. Let h(r) = r**3 + 16*r**2 - 35*r + 17. Give h(o).
-1
Let o(y) = 3*y**2 - 1. Suppose 9*f = 15*f - 54. Suppose -f*s + 9 = -6*s. What is o(s)?
26
Let p(u) be the third derivative of -u**6/120 - 11*u**5/20 - 11*u**4/8 - 6*u**3 - 314*u**2 + 2. Calculate p(-32).
-4
Let g(y) = 17*y**2 + 85*y + 32. Let q(m) = 23*m**2 + 116*m + 43. Let z(x) = 11*g(x) - 8*q(x). Determine z(-2).
6
Let b(x) = 410*x - 1229*x + 386*x - 101 + 406*x + 22 - 2*x**2. Give b(-5).
6
Let w(o) = o + 4. Let p(v) = v**3 + 8*v**2 - 12*v - 14. Let z(b) = p(b) + w(b). Give z(-9).
8
Let r(p) be the third derivative of p**4/6 + 9*p**3/2 - p**2 - 735*p - 1. Calculate r(-14).
-29
Let k(j) = 3*j + 17. Suppose -g + d + 344 - 355 = 0, g - 14 = -4*d. Give k(g).
-1
Let r(b) = 26*b - 1. Let n = 1688 - 1687. Determine r(n).
25
Let t(j) = j**3 + 5*j**2 + 3*j - 2. Let f(m) = -15*m + 7*m - 8 + 9*m + 0. Let y be f(6). What is t(y)?
4
Let h = 403 - 387. Suppose 0 = 18*s - h*s - 24. Let v(x) = -x**3 + 12*x**2 + 2*x - 11. Calculate v(s).
13
Let p(g) be the third derivative of -g**4/6 + 11*g**3/6 + 95*g**2 - 4. What is p(-9)?
47
Let g(z) = -7*z**3 - z**2 - 3*z + 4. Let j be 96/(-168) + 3/(-42)*34. Let n(f) = 2*f**3 + f**2 + f. Let s(q) = j*n(q) - g(q). Let a = 0 - -3. What is s(a)?
5
Suppose 0 = -7*w - 22*w - 87. Let y(b) be the first derivative of 1/2*b**2 - 5 + 3*b. Give y(w).
0
Suppose -40 = -5*c, 2*c = 20*x - 17*x + 49. Let q(l) = -2*l + 21. Determine q(x).
43
Suppose 2*x = -2*s + 16 + 2, -5*s + 25 = x. Let g(o) = -s*o - 5*o**2 + 2*o + o**3 - 2 + 7 - 2*o. What is g(4)?
-27
Let v(u) be the second derivative of 25*u**4/12 - u**3/6 + u**2/2 + 433*u. What is v(1)?
25
Let o(c) = c**3 + 2*c**2 - 11*c - 4. Let k be (-387)/216*3 + (-3)/(-8). Give o(k).
-24
Suppose -v - 24 = -5*v. Suppose v*m = 10*m - 60. Let t be ((-8)/20)/(3/m)*-2. Let q(j) = -j**3 + 3*j**2 + j + 5. Determine q(t).
-7
Let b(y) = 5*y**2 - y - 7. Let j(x) = -220*x**2 + 40*x + 305. Let q(k) = 45*b(k) + j(k). What is q(-4)?
90
Let i(o) be the second derivativ